 third derivative of y(w). Calculate l(4).
22
Let t(q) = -q**3 + 6*q**2 + 2*q + 9. Suppose 1040 = 252*s - 44*s. What is t(s)?
44
Let z be -2 - (-20)/4*4. Let w(c) = -c**2 + 18*c - 38. Calculate w(z).
-38
Let v be (-2*1)/((-4)/(-6)). Let n(b) = -8*b. Let g(t) = 7*t. Let j = 562 - 569. Let p(s) = j*g(s) - 6*n(s). Give p(v).
3
Let r(b) = -b - 1. Let o = 2263 - 2255. Determine r(o).
-9
Let x(b) = b**3 - 8*b**2 + 12*b - 6. Let v(y) = 2*y**3 - 16*y**2 + 23*y - 12. Let p(d) = 4*v(d) - 7*x(d). Suppose 71*o = -211 + 243 + 465. Calculate p(o).
1
Let l(y) be the second derivative of y**4/12 - y**3 - 7*y**2/2 + y. Suppose -10*f = 1322 - 42. Let s = f + 135. Calculate l(s).
0
Let y(l) = l**3 + 3*l**2 - 4*l - 2. Suppose -m + 4*i + 27 = 0, 0 = 2*m - 6*m - 2*i + 54. Let o be (1*2/4)/(m/(-90)). Give y(o).
10
Let x = -212 + 199. Let h = -3 - x. Let i(q) = -q**3 + 11*q**2 - 10*q + 7. Calculate i(h).
7
Let o(s) = 39*s + 1064. Let h(x) = -10*x - 246. Let f(d) = 26*h(d) + 6*o(d). Give f(-2).
40
Let q(b) be the first derivative of b**3/3 + 7*b**2/2 + 2*b - 1. Suppose 73 = -2*z + y, 3*y = 3*z + 25 + 89. Let s = -41 - z. What is q(s)?
-4
Let a be (-48)/(-60) - (-5)/((-75)/117). Let h = -20 + 30. Let k(y) = -14 + 4*y - 5*y + h. Calculate k(a).
3
Let b(i) = -i + 1. Let p(z) = 5*z - 16. Let q(s) = -6*b(s) - p(s). Let o be q(-9). Let c(w) = -4*w**2 + 9*w**2 - o + 6*w**2 - 2*w + 0*w. Determine c(-1).
12
Let x(g) = -511*g - 25 - 498*g + 1001*g. What is x(-4)?
7
Let t(h) = 8*h - 27. Let d(z) = -3*z + 11. Let f(l) = 5*d(l) + 2*t(l). Calculate f(4).
5
Let l(k) = -k**3 + 7*k**2 - 3*k - 2. Let s be (-28)/2*(-10 - -2). Let w = -106 + s. Suppose 0 = w*b - 11*b + 35. Determine l(b).
-23
Let l(h) = h**3 - 9*h**2 + 5*h - 10. Let z(j) = 2*j**3 + 4*j**2 + 35*j + 76. Let n be z(-2). Give l(n).
-88
Let d(s) = -3*s + s**2 - 3*s**2 + s**2 - 3. Suppose 724*p - 1224*p - 1000 = 0. Calculate d(p).
-1
Let l(s) be the second derivative of 0*s**2 + 0 - 1/6*s**3 - 50*s. Calculate l(-4).
4
Let b(m) = -m**3 + 13*m - 24*m - 3 + 43*m**2 + 18 - 35*m**2. What is b(7)?
-13
Let t(r) = r**3 + 4*r**2 - 11*r - 34. Let z be t(-4). Let j(o) = -26*o + 8 - 8 - 1 + z*o. Suppose 4*n = 4*q + 6 + 18, -4*q - 2*n = -6. Calculate j(q).
15
Let s(f) = -2*f**2 - 23*f - 3. Let c(k) = -5*k + 9. Let h be c(4). Calculate s(h).
8
Let p(f) be the first derivative of -f**4/4 - 2*f**3 + 6*f**2 + 11*f - 805. Give p(-7).
-24
Let r(w) = -w**3 + 3*w**2 - 6*w + 10. Let l(p) = p**2 + 3*p + 1. Let s(t) = -3*l(t) - r(t). Determine s(7).
15
Suppose -18*w - w + 133 = 0. Let g(p) be the third derivative of p**5/60 - 3*p**4/8 + 10*p**3/3 + 1355*p**2. Determine g(w).
6
Let x be (1/2)/(1/(-2)). Let h(v) = -5*v**2 - 2*v + 2. Let o(r) = 16552 + r**2 - 16552 - r. Let p(f) = x*h(f) - 6*o(f). What is p(8)?
-2
Let b(s) = 7*s**2 - 383*s - 119. Let f be b(55). Let d(h) = 7*h + 17. Calculate d(f).
-46
Let l(a) = a + 24. Suppose -5*n - 37 = v, -2*v = -5*n + 10 + 4. Determine l(v).
7
Let o(s) = 16*s**3 + 5*s - 6*s**2 + 10*s**2 + 4*s**2 + 13*s**3 + 6 - 27*s**3. What is o(-4)?
-14
Let q = 36 - 30. Suppose -h + q*k - 3*k + 21 = 0, 0 = 4*h - 2*k - 64. Let m(z) = -32*z + h*z - 29 + 16*z. Calculate m(0).
-29
Let b(x) = -2*x**3 + 5*x**2 - 12*x + 3. Let f(d) = 2*d**3 - 4*d**2 + 8*d - 4. Let p(o) = 3*b(o) + 4*f(o). What is p(-2)?
-19
Let f(a) = -a**3 - 32*a**2 + 31*a - 82. Let h(w) = 137*w + 515. Let v be h(-4). Determine f(v).
-16
Let x(c) = 1 + 5677*c - 5660*c + 6*c**2 + 5 - c**3. Determine x(8).
14
Let x be (-8)/52 + 15/13. Let m(d) = -d - 1. Let g(b) = 3 + 7 - 9*b - 1 + 2*b + 6*b. Let c(s) = x*g(s) - 2*m(s). What is c(-7)?
4
Let u(h) = -25*h - 4. Let t(m) = 363*m + 60. Let d(s) = t(s) + 15*u(s). Determine d(3).
-36
Let t(p) = 11*p**2 - 67*p + 12. Let q(n) = 137*n - 542. Let c be q(4). What is t(c)?
6
Let s(c) = 2*c**3 + 23*c**2 + 49*c + 38. Let q be s(-9). Let r(g) be the first derivative of 6 - 1/4*g**4 - g**3 - g - 3/2*g**q. Determine r(-3).
8
Let j(t) = -2*t - 4. Let h(i) = i - 1. Let b(g) = -6*h(g) - 4*j(g). Calculate b(-5).
12
Let i(n) = 2*n + 3. Let b be 1/((6 - 11)/(-10)). Let r be 57/9 - (-4)/(-6)*b. Calculate i(r).
13
Suppose 47*r - 24*r = 8441. Let o = r - 371. Let m(q) = q**3 + 5*q**2 + 4*q + 5. What is m(o)?
5
Let o(l) = 9*l**2 + 11*l + 8. Suppose 34 + 6 = -5*j - 5*j. What is o(j)?
108
Let a(l) be the third derivative of 5*l**4/3 + 155*l**3/6 - 2*l**2 + 6*l - 46. Give a(-4).
-5
Let d(k) = -k + 7. Let j(m) = 119*m - 6. Let l be j(-6). Let c be (-7)/2*l/210. Determine d(c).
-5
Let t(a) = 69 + 5079*a - 10153*a + 5075*a - 23. Calculate t(-46).
0
Suppose -35*c + 54*c - 152 = 0. Let f(x) = 4*x**2 + 2*x**3 + c*x**3 + 4*x**2 + 0*x**2 - 11*x**3 + 11. Give f(8).
11
Suppose w = -2*l + 7*l - 88, 34 = 2*l - w. Let u(m) be the first derivative of -m**4/4 + 6*m**3 - m**2 + 36*m + 1447. Give u(l).
0
Let r(n) = 2*n - 14. Let y(v) be the third derivative of v**4/24 - 7*v**3/6 - 29*v**2. Let q(p) = 6*r(p) - 13*y(p). Determine q(-8).
15
Let f be (-4)/((-80)/(-25))*(-4 + 8). Let h(j) = 6*j + 18. Give h(f).
-12
Suppose 1 = -y - 5*q - 2, -2*q = -4*y + 10. Let g(n) be the first derivative of n**4 + n**3/3 - n**2 + 3*n - 6557. Calculate g(y).
35
Let p = -19924 + 19921. Let w(q) = -q**3 - 2*q**2 + q + 11. Give w(p).
17
Suppose -z - 206 = -2*f - 192, f - 18 = -5*z. Let x(r) = -13*r + 11. Give x(z).
-15
Let x(g) = -6*g + 30. Let c be x(3). Let v(p) = 10*p - 11 + c - 1. Give v(-1).
-10
Let m be 11 - (12 - -7) - (-7 - 0). Let q(n) = 88*n**3 - n**2 + 2*n + 2. What is q(m)?
-89
Let y = -6 - -10. Let p = -493 + 495. Let w(f) = 0*f**3 - y + 2*f + 0 - f**3 - 3*f**p. Give w(-3).
-10
Let k(h) = -h**3 + 8*h**2 - 7*h + 3. Let m be k(7). Let o(r) = 22*r + 10. Let q(t) = -38*t - 16. Let b(n) = 12*o(n) + 7*q(n). Determine b(m).
2
Suppose 13*p = 14*p + 11. Let h(n) = -29*n + 53. Let z be h(p). Let r(o) = 359*o + 0 - z*o + 0. Calculate r(-1).
13
Suppose 96 - 204 = -4*j - 0*j. Let v(t) = 4*t - 71. What is v(j)?
37
Let q(g) be the third derivative of -g**5/120 - g**4/4 + 4*g**3/3 - 14*g**2 - 2*g. Let m(v) be the first derivative of q(v). Calculate m(-6).
0
Suppose -3*z - 3 = p, 2*p - 3 = -3*z - p. Let w(l) be the first derivative of 4*l**3/3 - 3*l**2/2 - l + 20318. Calculate w(z).
21
Let h(c) = 22 + 1058718*c - 1058730*c + 3*c**2 - 4*c**2. What is h(-12)?
22
Suppose -3*l = -2*x + 130, -5*x + 7*l = 2*l - 315. Let j(p) = p**2 - 2*p - 2. Let t be j(-7). Let k = x - t. Let q(c) = c**3 + 2*c**2 + 2*c. Calculate q(k).
-4
Let x(s) be the third derivative of -3*s**5/2 + 5*s**4/24 - 5*s**3/6 - 2*s**2 - 283. What is x(1)?
-90
Suppose 4*i = -q + 17, 3*i - 73 + 49 = -3*q. Let o = 11 + -2. Let z(a) = -i*a - o + 5 + 5*a - 3*a. What is z(-5)?
1
Let r = 10418 + -10408. Let d(g) = -9*g + 1. What is d(r)?
-89
Let k(q) = q**3 - 17*q**2 + 14*q + 9. Let c be k(15). Let l = 220 + c. Let r(f) = f + 13. Calculate r(l).
2
Let m(i) = -i**2 + 3*i + 9. Let c be (-53 - -55)/((-2)/(-5)). Suppose -7*w + c*w = 5*p - 24, 4*p + 13 = 3*w. Give m(w).
-19
Let a(n) be the second derivative of n**5/10 - 43*n**4/12 + 23*n**3/6 - 47*n**2/2 + 3000*n. What is a(21)?
-5
Suppose 0 = -k + 5*o + 44, -6*k + 8*k + 2*o = 52. Suppose -3*d - k = 2*i, -4*i = 4*d - 7 + 51. Let b(t) = -t**2 - 10*t. What is b(d)?
21
Let d = -7649 - -7646. Let s(l) = l**3 + 3*l**2 - 3*l - 2. What is s(d)?
7
Let l = -260 + 401. Suppose -l = -2*u - 9. Let p = u + -58. Let m(n) = n**3 - 9*n**2 + 8*n - 9. Give m(p).
-9
Let l(i) = 70*i + 2*i**2 + 66*i + 71*i + 69*i - 274*i. Calculate l(2).
12
Suppose 0 = 3*v - 4*o - 877, 2*o - 1184 = -4*v - 0*o. Suppose 0 = -v*w + 294*w + 3. Let l(k) = 2*k + 2 - 4*k + 2. Give l(w).
-2
Suppose 3*s - 4*s - 8*s = -27. Let j(p) = -3*p**2 + 4*p - 6. Determine j(s).
-21
Suppose -6*x + r + 13 = -4*x, 2*r + 8 = x. Suppose -j + 350 = -x*j - 5*p, -p + 344 = -5*j. Let g = -65 - j. Let f(k) = 4*k - 4. Determine f(g).
12
Let i(r) = 9*r + 13. Let s be (8 + -1 + -6 + 0)*-9. Determine i(s).
-68
Let w(u) be the second derivative of -3/2*u**3 + 0 + 73*u + 0*u**2. Give w(-2).
18
Let f be (-78 + 80)/((-2)/(-23)) + -5. Let c(u) = -9*u + 74. Calculate c(f).
-88
Let p(g) = -5*g**2 - 2. Let y(o) = -o**2 + 146. Suppose -4 = c + 2*b - 24, 3*b = -5*c + 72. Let v be y(c). Determine p(v).
-22
Let i(u) = u**3 + 7*u**2 + u - 9. Suppose 4*h - 3*y + 147 = 7*h, 0 =